prime?
True
Is 2150017 a composite number?
True
Is 332291537 a composite number?
True
Is 112524967 a composite number?
True
Is 3437297 a composite number?
False
Is 185114617 a composite number?
True
Is 137562871 a composite number?
False
Is 269674 composite?
True
Is 133173239 composite?
True
Is 40260707 prime?
False
Is 18336785 a composite number?
True
Is 295818878 prime?
False
Is 16973173 a prime number?
False
Is 4400461 composite?
True
Is 7124902 a prime number?
False
Is 80001497 a prime number?
False
Is 23895649 a composite number?
True
Is 33003017 a prime number?
False
Is 15638303 prime?
True
Is 690101 prime?
False
Is 60524273 composite?
True
Is 25039517 prime?
False
Is 553001 a composite number?
True
Is 4033751 a prime number?
False
Is 2957491 a prime number?
False
Is 57095113 prime?
False
Is 399679 prime?
False
Is 2850941 a prime number?
True
Is 14111029 prime?
False
Is 4840853 a prime number?
False
Is 961868893 composite?
False
Is 51735653 a prime number?
True
Is 2153149 a composite number?
False
Is 500141 prime?
False
Is 14812619 prime?
False
Is 4696106 composite?
True
Is 8760071 a prime number?
True
Is 17933833 a composite number?
False
Is 4586383 a prime number?
False
Is 1733869 a composite number?
False
Is 3133007 composite?
True
Is 12161917 a prime number?
False
Is 537331 a prime number?
True
Is 372746627 prime?
False
Is 261209789 composite?
False
Is 1799309 prime?
True
Is 234585979 composite?
False
Is 37310873 a composite number?
True
Is 61295089 a composite number?
False
Is 202819 prime?
False
Is 23644451 composite?
True
Is 14860459 prime?
True
Is 41884103 a prime number?
True
Is 16179841 composite?
True
Is 120220621 composite?
False
Is 4845143 prime?
True
Is 51545621 prime?
False
Is 518911 composite?
False
Is 82750459 composite?
True
Is 6573929 prime?
False
Is 3558193 a composite number?
False
Is 28365409 a composite number?
False
Is 123308629 a prime number?
True
Is 761963 a prime number?
True
Is 16999331 a prime number?
False
Is 4453613 composite?
False
Is 2332219 composite?
False
Is 27395801 a composite number?
True
Is 199488326 a prime number?
False
Is 75983891 a composite number?
True
Is 310359067 composite?
True
Is 38291501 prime?
False
Is 3802874 a prime number?
False
Is 397471 prime?
False
Is 389915 a prime number?
False
Is 843567 a prime number?
False
Is 414113369 prime?
True
Is 785933 a composite number?
True
Is 1420994047 prime?
False
Is 381820967 prime?
False
Is 4569869 prime?
False
Is 32503859 prime?
True
Is 60591373 prime?
True
Is 521107 a prime number?
True
Is 52823453 a composite number?
False
Is 3022289 composite?
False
Is 28354143 a prime number?
False
Is 1297903 a composite number?
True
Is 892727 a prime number?
False
Is 13421897 a prime number?
True
Is 1284971 prime?
True
Is 102689239 a composite number?
False
Is 624753557 composite?
False
Is 187236937 a composite number?
True
Is 40128113 composite?
False
Is 2294599 prime?
False
Is 359582731 prime?
True
Is 65641357 composite?
False
Is 3128227 a composite number?
False
Is 36162761 a prime number?
True
Is 67938331 a prime number?
True
Is 23593969 prime?
False
Is 45257907 a prime number?
False
Is 3594229 prime?
False
Is 3076193 a composite number?
False
Is 315539 prime?
False
Is 79494151 composite?
True
Is 343612193 a composite number?
False
Is 1499041 prime?
True
Is 10611221 a prime number?
True
Is 1764151 a prime number?
True
Is 2719273 a prime number?
True
Is 3214171 prime?
True
Is 92146253 a prime number?
False
Is 5117027 prime?
True
Is 1121599 a prime number?
True
Is 26264207 composite?
False
Is 12988747 a composite number?
False
Is 5114429 composite?
True
Is 5977011 composite?
True
Is 138505979 prime?
True
Is 132717701 composite?
False
Is 63949 prime?
True
Is 750991 a prime number?
False
Is 3169681 a composite number?
False
Is 192431 a composite number?
False
Is 64690597 composite?
False
Is 50246081 a prime number?
True
Is 600127147 a composite number?
False
Is 10907287 composite?
True
Is 212864279 prime?
True
Is 36684941 a composite number?
False
Is 114786041 a prime number?
True
Is 331981451 composite?
True
Is 11876477 a composite number?
True
Is 306486787 a prime number?
False
Is 2370097 prime?
False
Is 111447449 a composite number?
True
Is 6744371 prime?
True
Is 6415589 prime?
True
Is 196823621 a prime number?
True
Is 56811341 prime?
True
Is 106324441 a composite number?
True
Is 988851 a prime number?
False
Is 1740026 a composite number?
True
Is 748571 a composite number?
True
Is 161090767 a composite number?
False
Is 416071 prime?
True
Is 684183 prime?
False
Is 5628637 a prime number?
False
Is 47111 prime?
True
Is 19125251 a composite number?
True
Is 413262037 a composite number?
False
Is 81292187 a prime number?
False
Is 8307113 a composite number?
True
Is 10250629 a prime number?
False
Is 31713931 composite?
True
Is 7063289 prime?
False
Is 14818129 prime?
True
Is 31656421 composite?
False
Is 68857 composite?
True
Is 2636549 composite?
False
Is 116432857 composite?
True
Is 73744571 a composite number?
True
Is 28899733 a composite number?
True
Is 7875145 composite?
True
Is 8274047 a prime number?
True
Is 6575453 prime?
True
Is 2379829 composite?
True
Is 96320566 prime?
False
Is 414333077 a composite number?
False
Is 1537933 composite?
False
Is 199991371 a composite number?
True
Is 4641389 a prime number?
True
Is 6723281 composite?
True
Is 1866365 a composite number?
True
Is 17444395 composite?
True
Is 7497089 prime?
True
Is 7976047 a prime number?
True
Is 3649351 a prime number?
False
Is 568313849 composite?
True
Is 1696801 prime?
True
Is 23883887 a prime number?
True
Is 28197167 a composite number?
False
Is 139719 a composite number?
True
Is 4004341 composite?
True
Is 122970329 prime?
False
Is 168923141 a prime number?
False
Is 363035581 composite?
False
Is 1970729 a composite number?
False
Is 193931 composite?
True
Is 29948287 composite?
False
Is 33797873 prime?
True
Is 21466793 prime?
False
Is 11487481 a composite number?
False
Is 462947 composite?
False
Is 24274807 a composite number?
False
Is 12199627 prime?
False
Is 449453 a prime number?
False
Is 58996739 a prime number?
True
Is 275957063 a prime number?
False
Is 259176751 a composite number?
True
Is 2638513 a prime number?
False
Is 26099 prime?
True
Is 95857 a prime number?
True
Is 686773 composite?
False
Is 34319023 prime?
False
Is 9722681 prime?
True
Is 524762053 composite?
False
Is 1104059765 composite?
True
Is 4098619 prime?
False
Is 1285741 prime?
True
Is 22569731 a composite number?
False
Is 15496193 a composite number?
True
Is 114859853 prime?
True
Is 8467799 a prime number?
False
Is 336104233 composite?
False
Is 234053 a prime number?
False
Is 92126399 composite?
True
Is 24253567 composite?
True
Is 124742381 a composite number?
False
Is 510179 composite?
False
Is 4556077 prime?
True
Is 1477354 composite?
True
Is 2243617 a prime number?
True
Is 834205 a prime number?
False
Is 56952521 prime?
True
Is 3166337 a composite number?
True
Is 95905967 prime?
False
Is 2082274 a composite number?
True
Is 1511553 composite?
True
Is 1130693 composite?
False
Is 280862677 a composite number?
False
Is 17868637 prime?
True
Is 41615887 a composite number?
False
Is 4768961 a composite number?
False
Is 1106763011 prime?
True
Is 956245 composite?
True
Is 34105507 prime?
True
Is 3548507 a prime number?
False
Is 16513841 a prime number?
False
Is 2282927 prime?
False
Is 623221 prime?
True
Is 27985073 a composite number?
True
Is 31422037 a prime number?
True
Is 1313041 composite?
False
Is 593909 composite?
True
Is 81584213 composite?
False
Is 203291 composite?
True
Is 14130191 a composite number?
False
Is 6621877 prime?
False
Is 40046221 a composite number?
True
Is 2232949 a composite number?
True
Is 8798507 prime?
False
Is 115301 a composite number?
False
Is 595817 prime?
True
Is 28386367 a composite number?
False
Is 88169243 prime?
True
Is 1492691 prime?
False
Is 10678531 prime?
False
Is 1490617 composite?
True
Is 116711611 a prime number?
True
Is 510649 composite?
True
Is 57246251 composite?
False
Is 9850849 composite?
False
Is 65573957 composite?
True
Is 66406583 prime?
True
Is 28473203 prime?
False
Is 29877413 composite?
False
Is 2960861 a prime number?
True
Is 75717401 a prime number?
True
Is 263447